{"id":12207,"date":"2020-12-30T14:07:27","date_gmt":"2020-12-30T14:07:27","guid":{"rendered":"https:\/\/www.univ-mila.dz\/?page_id=12207"},"modified":"2020-12-30T14:08:31","modified_gmt":"2020-12-30T14:08:31","slug":"specialite-didactique-des-langues-etrangeres-2","status":"publish","type":"page","link":"https:\/\/www.univ-mila.dz\/?page_id=12207&lang=fr","title":{"rendered":"Sp\u00e9cialit\u00e9: Sciences du langage"},"content":{"rendered":"<p class=\"textheader\">Informations g\u00e9n\u00e9rales<\/p>\n<div class=\"noteright\">\n<p style=\"text-align: left;\" title=\"T\u00e9l\u00e9phone\"><i class=\"fa fa-phone\"><\/i>:<span style=\"color: #800000;\"><b>&#8230;&#8230;&#8230;&#8230;&#8230;&#8230;&#8230;&#8230;&#8230;&#8230;<\/b><\/span><\/p>\n<p style=\"text-align: left;\" title=\"Fax\"><i class=\"fa fa-fax\"><\/i>:<span style=\"color: #800000;\"><strong>&#8230;&#8230;&#8230;&#8230;&#8230;&#8230;&#8230;&#8230;&#8230;..<\/strong><\/span><\/p>\n<p style=\"text-align: left;\" title=\"Courriel\"><span style=\"color: #800000;\"><span style=\"color: #333333;\"><i class=\"fa fa-envelope\"><\/i>:<span style=\"color: #800000;\"><strong>m.bencherif@centre-univ-mila.dz<\/strong><\/span><\/span><\/span><\/p>\n<\/div>\n<ul>\n<li><strong>Cycle<\/strong> : Master .<\/li>\n<li><strong>Domaine<\/strong> : Lettres et langues \u00e9trang\u00e8res.<\/li>\n<li><strong>Fili\u00e8re<\/strong> : Langue fran\u00e7aise.<\/li>\n<li><strong>Sp\u00e9cialit\u00e9<\/strong> <strong>(Intitul\u00e9 de la formation)<\/strong> : Sciences du langage.<\/li>\n<li><strong>Dur\u00e9e de la formation<\/strong> : 2 Ans.<\/li>\n<\/ul>\n<p>&nbsp;<\/p>\n<p class=\"textheader\">Pr\u00e9sentation de la formation<\/p>\n<p class=\"smallheader\">Objectif de la formation<\/p>\n<ul>\n<li>\u00a0Consolider les connaissances en sciences du langage et en fran\u00e7ais en but de postuler \u00e0 une formation doctorale.<\/li>\n<li>Installer des comp\u00e9tences pr\u00e9cises dans le domaine de la linguistique : L\u2019objectif principal est d\u2019assurer une formation s\u00fbre et de donner aux \u00e9tudiants des connaissances solides dans le domaine de la linguistique et de la langue (phon\u00e9tique, lexicologie, syntaxe, lexicographie, sociolinguistique, sociophon\u00e9tique, dialectologie, psycholinguistique et de l\u2019onomastique).<\/li>\n<li>Continuer l\u2019entreprise d\u00e9but\u00e9e en licence : durant 4 semestres, l\u2019\u00e9tudiant a eu \u00e0 prendre connaissance des bases \u00e0 l\u2019origine de l\u2019oral. Cet autre aspect de la langue qui pose d\u2019\u00e9normes probl\u00e8mes \u00e0 nos apprenants pourrait \u00eatre r\u00e9solu par leur immersion dans son apprentissage. La composition des mati\u00e8res de ce master (linguistique) redonnera \u00e0 l\u2019expression langagi\u00e8re la consid\u00e9ration qu\u2019elle a retrouv\u00e9e dans les nouvelles m\u00e9thodes d\u2019enseignement\/ apprentissage des langues \u00e9trang\u00e8res. Une culture (en) linguistique par l\u2019acquisition de ses capacit\u00e9s d\u2019analyse contribuera \u00e0 compl\u00e9ter la formation du profil d\u2019enseignants chercheurs de nos \u00e9tudiants.<\/li>\n<li>Am\u00e9liorer la qualit\u00e9 de la formation et renforcer les capacit\u00e9s m\u00e9thodologiques et communicationnelles de l\u2019\u00e9tudiant.<\/li>\n<li>Mettre en place un syst\u00e8me de formation caract\u00e9ris\u00e9 par la flexibilit\u00e9 et la comparabilit\u00e9 internationale (reconnaissance du dipl\u00f4me au niveau international)<\/li>\n<li>Cr\u00e9er un parcours de formation simple et efficient \u00e0 caract\u00e8re acad\u00e9mique et appliqu\u00e9 offrant \u00e0 l\u2019\u00e9tudiant des possibilit\u00e9s d\u2019insertion socioprofessionnelle et de poursuite des \u00e9tudes doctorales.<\/li>\n<\/ul>\n<p class=\"smallheader\">Connaissances vis\u00e9es<\/p>\n<ul>\n<li>Ma\u00eetrise de la langue fran\u00e7aise.<\/li>\n<li>Ma\u00eetrise des th\u00e9ories linguistiques.<\/li>\n<li>Formation d\u2019un enseignant-praticien capable de :<br \/>\n1. d\u00e9crire le fonctionnement de la langue.<br \/>\n2. justifier et expliquer l\u2019\u00e9tat linguistique par le recours \u00e0 ses lectures th\u00e9oriques.<br \/>\n3. diagnostiquer toutes les difficult\u00e9s inh\u00e9rentes \u00e0 l\u2019oral (prononciation, articulation, combinaison, rythmique, musicalit\u00e9) et trouver des solutions ad\u00e9quates, etc.<\/li>\n<li>Formation d\u2019un \u00e9tudiant capable de pr\u00e9parer des dipl\u00f4mes sup\u00e9rieurs de rang magistral : Master et doctorat.<\/li>\n<li>Formation d\u2019un \u00e9tudiant capable \u00e0 s\u2019int\u00e9grer dans des \u00e9quipes pluridisciplinaires sur des projets p\u00e9dagogiques, scientifiques, informatique (traitement informatique des langues), \u00e9quipes de presse et d\u2019information.<\/li>\n<\/ul>\n<p class=\"smallheader\">Projets de fin d\u2019\u00e9tude<\/p>\n<p>R\u00e9daction d\u2019un m\u00e9moire recherche et soutenance publique.<\/p>\n<p class=\"textheader\">Programme<\/p>\n<p><span style=\"color: #0000ff;\"><strong><span style=\"color: #000000;\">Pour telecharger :<\/span><span style=\"color: #0000ff;\"><a style=\"color: #0000ff;\" href=\"\/wp-content\/uploads\/2020\/12\/Prg_MFR_FR.pdf\">Cliquez Ici<\/a><\/span><\/strong><\/span><\/p>\n<p class=\"textheader\">Etudes et d\u00e9bouch\u00e9s potentiels<\/p>\n<p>\u00a0Gr\u00e2ce \u00e0 la ma\u00eetrise des th\u00e9ories linguistiques, que vise ce master, l\u2019\u00e9tudiant peut postuler \u00e0 la formation doctorale en linguistique ou en sciences du langage.<br \/>\nLe master en sciences du langage peut permettre la poursuite des \u00e9tudes en lexicologie, en phon\u00e9tique, en linguistique pragmatique, en sociolinguistique, en psycholinguistique, et \u00e9galement en onomastique. L\u2019\u00e9tudiant aura toutes les comp\u00e9tences pour \u00eatre admis dans les concours d\u2019enseignement.<\/p>\n<p class=\"textheaderR\">D\u00e9bouch\u00e9s professionnels<\/p>\n<p>Au terme de cette formation, les titulaires du dipl\u00f4me de Master, option sciences du langage &amp; didactique de la langue, auront la possibilit\u00e9 d\u2019exercer dans diff\u00e9rents secteurs, principalement :<\/p>\n<ul>\n<li>L\u2019enseignement sup\u00e9rieur et la recherche scientifique,<\/li>\n<li>L\u2019\u00e9ducation nationale (public et priv\u00e9e).<\/li>\n<li>Les centres de formation professionnelle.<\/li>\n<li>Les m\u00e9tiers du livre tel que l\u2019\u00e9laboration et l\u2019\u00e9ditions d\u2019ouvrages et manuels de sp\u00e9cialit\u00e9.<\/li>\n<li>Les centres de diffusion de langues \u00e9trang\u00e8res tels que les centres culturels, nationaux et \u00e9trangers.<\/li>\n<li>Les professions de communication (journalisme et m\u00e9dias).<\/li>\n<li>Compagnies \u00e9trang\u00e8res et import-export\u2026.<\/li>\n<li>Insertion professionnelle : un master en sciences du langage offre de grandes possibilit\u00e9s de recrutement aussi bien dans l\u2019enseignement que dans les secteurs administratifs et sociaux<\/li>\n<\/ul>\n<p>&nbsp;<\/p>\n","protected":false},"excerpt":{"rendered":"<p>Informations g\u00e9n\u00e9rales :&#8230;&#8230;&#8230;&#8230;&#8230;&#8230;&#8230;&#8230;&#8230;&#8230; :&#8230;&#8230;&#8230;&#8230;&#8230;&#8230;&#8230;&#8230;&#8230;.. :m.bencherif@centre-univ-mila.dz Cycle : Master . Domaine : Lettres et langues \u00e9trang\u00e8res. Fili\u00e8re : Langue fran\u00e7aise. Sp\u00e9cialit\u00e9 (Intitul\u00e9 de la formation) : Sciences du langage. Dur\u00e9e de la formation : 2 Ans. &nbsp; Pr\u00e9sentation de la formation Objectif de la formation \u00a0Consolider les connaissances en sciences du langage et en fran\u00e7ais en [&hellip;]<\/p>\n","protected":false},"author":1,"featured_media":7762,"parent":7902,"menu_order":0,"comment_status":"closed","ping_status":"closed","template":"","meta":{"footnotes":""},"class_list":["post-12207","page","type-page","status-publish","has-post-thumbnail","hentry"],"yoast_head":"<!-- This site is optimized with the Yoast SEO plugin v26.3 - https:\/\/yoast.com\/wordpress\/plugins\/seo\/ -->\n<title>Sp\u00e9cialit\u00e9: Sciences du langage - \u062c\u0627\u0645\u0639\u0629 \u0645\u064a\u0644\u0629<\/title>\n<meta name=\"robots\" content=\"index, follow, max-snippet:-1, max-image-preview:large, max-video-preview:-1\" \/>\n<link rel=\"canonical\" href=\"https:\/\/www.univ-mila.dz\/?page_id=12207&lang=fr\" \/>\n<meta property=\"og:locale\" content=\"ar_AR\" \/>\n<meta property=\"og:type\" content=\"article\" \/>\n<meta property=\"og:title\" content=\"Sp\u00e9cialit\u00e9: Sciences du langage - \u062c\u0627\u0645\u0639\u0629 \u0645\u064a\u0644\u0629\" \/>\n<meta property=\"og:description\" content=\"Informations g\u00e9n\u00e9rales :&#8230;&#8230;&#8230;&#8230;&#8230;&#8230;&#8230;&#8230;&#8230;&#8230; :&#8230;&#8230;&#8230;&#8230;&#8230;&#8230;&#8230;&#8230;&#8230;.. :m.bencherif@centre-univ-mila.dz Cycle : Master . Domaine : Lettres et langues \u00e9trang\u00e8res. Fili\u00e8re : Langue fran\u00e7aise. Sp\u00e9cialit\u00e9 (Intitul\u00e9 de la formation) : Sciences du langage. Dur\u00e9e de la formation : 2 Ans. &nbsp; Pr\u00e9sentation de la formation Objectif de la formation \u00a0Consolider les connaissances en sciences du langage et en fran\u00e7ais en [&hellip;]\" \/>\n<meta property=\"og:url\" content=\"https:\/\/www.univ-mila.dz\/?page_id=12207&amp;lang=fr\" \/>\n<meta property=\"og:site_name\" content=\"\u062c\u0627\u0645\u0639\u0629 \u0645\u064a\u0644\u0629\" \/>\n<meta property=\"article:publisher\" content=\"https:\/\/www.facebook.com\/univmila\/\" \/>\n<meta property=\"article:modified_time\" content=\"2020-12-30T14:08:31+00:00\" \/>\n<meta property=\"og:image\" content=\"https:\/\/www.univ-mila.dz\/wp-content\/uploads\/2020\/06\/Langues-\u00e9trangeres-1.png\" \/>\n\t<meta property=\"og:image:width\" content=\"200\" \/>\n\t<meta property=\"og:image:height\" content=\"200\" \/>\n\t<meta property=\"og:image:type\" content=\"image\/png\" \/>\n<meta name=\"twitter:card\" content=\"summary_large_image\" \/>\n<meta name=\"twitter:site\" content=\"@univmila\" \/>\n<meta name=\"twitter:label1\" content=\"\u0648\u0642\u062a \u0627\u0644\u0642\u0631\u0627\u0621\u0629 \u0627\u0644\u0645\u064f\u0642\u062f\u0651\u0631\" \/>\n\t<meta name=\"twitter:data1\" content=\"3 \u062f\u0642\u0627\u0626\u0642\" \/>\n<script type=\"application\/ld+json\" class=\"yoast-schema-graph\">{\"@context\":\"https:\/\/schema.org\",\"@graph\":[{\"@type\":\"WebPage\",\"@id\":\"https:\/\/www.univ-mila.dz\/?page_id=12207&lang=fr\",\"url\":\"https:\/\/www.univ-mila.dz\/?page_id=12207&lang=fr\",\"name\":\"Sp\u00e9cialit\u00e9: Sciences du langage - \u062c\u0627\u0645\u0639\u0629 \u0645\u064a\u0644\u0629\",\"isPartOf\":{\"@id\":\"https:\/\/www.univ-mila.dz\/#website\"},\"primaryImageOfPage\":{\"@id\":\"https:\/\/www.univ-mila.dz\/?page_id=12207&lang=fr#primaryimage\"},\"image\":{\"@id\":\"https:\/\/www.univ-mila.dz\/?page_id=12207&lang=fr#primaryimage\"},\"thumbnailUrl\":\"https:\/\/www.univ-mila.dz\/wp-content\/uploads\/2020\/06\/Langues-\u00e9trangeres-1.png\",\"datePublished\":\"2020-12-30T14:07:27+00:00\",\"dateModified\":\"2020-12-30T14:08:31+00:00\",\"breadcrumb\":{\"@id\":\"https:\/\/www.univ-mila.dz\/?page_id=12207&lang=fr#breadcrumb\"},\"inLanguage\":\"ar\",\"potentialAction\":[{\"@type\":\"ReadAction\",\"target\":[\"https:\/\/www.univ-mila.dz\/?page_id=12207&lang=fr\"]}]},{\"@type\":\"ImageObject\",\"inLanguage\":\"ar\",\"@id\":\"https:\/\/www.univ-mila.dz\/?page_id=12207&lang=fr#primaryimage\",\"url\":\"https:\/\/www.univ-mila.dz\/wp-content\/uploads\/2020\/06\/Langues-\u00e9trangeres-1.png\",\"contentUrl\":\"https:\/\/www.univ-mila.dz\/wp-content\/uploads\/2020\/06\/Langues-\u00e9trangeres-1.png\",\"width\":200,\"height\":200},{\"@type\":\"BreadcrumbList\",\"@id\":\"https:\/\/www.univ-mila.dz\/?page_id=12207&lang=fr#breadcrumb\",\"itemListElement\":[{\"@type\":\"ListItem\",\"position\":1,\"name\":\"Offres de formation\",\"item\":\"https:\/\/www.univ-mila.dz\/?page_id=7868&lang=fr\"},{\"@type\":\"ListItem\",\"position\":2,\"name\":\"Domaine Lettres et Langues \u00c9trang\u00e8res\",\"item\":\"https:\/\/www.univ-mila.dz\/?page_id=7902&lang=fr\"},{\"@type\":\"ListItem\",\"position\":3,\"name\":\"Sp\u00e9cialit\u00e9: Sciences du langage\"}]},{\"@type\":\"WebSite\",\"@id\":\"https:\/\/www.univ-mila.dz\/#website\",\"url\":\"https:\/\/www.univ-mila.dz\/\",\"name\":\"\u062c\u0627\u0645\u0639\u0629 \u0639\u0628\u062f \u0627\u0644\u062d\u0641\u064a\u0638 \u0628\u0648\u0627\u0644\u0635\u0648\u0641\",\"description\":\"\u0645\u064a\u0644\u0629\",\"publisher\":{\"@id\":\"https:\/\/www.univ-mila.dz\/#organization\"},\"potentialAction\":[{\"@type\":\"SearchAction\",\"target\":{\"@type\":\"EntryPoint\",\"urlTemplate\":\"https:\/\/www.univ-mila.dz\/?s={search_term_string}\"},\"query-input\":{\"@type\":\"PropertyValueSpecification\",\"valueRequired\":true,\"valueName\":\"search_term_string\"}}],\"inLanguage\":\"ar\"},{\"@type\":\"Organization\",\"@id\":\"https:\/\/www.univ-mila.dz\/#organization\",\"name\":\"\u062c\u0627\u0645\u0639\u0629 \u0639\u0628\u062f \u0627\u0644\u062d\u0641\u064a\u0638 \u0628\u0648\u0627\u0644\u0635\u0648\u0641 - \u0645\u064a\u0644\u0629\",\"url\":\"https:\/\/www.univ-mila.dz\/\",\"logo\":{\"@type\":\"ImageObject\",\"inLanguage\":\"ar\",\"@id\":\"https:\/\/www.univ-mila.dz\/#\/schema\/logo\/image\/\",\"url\":\"http:\/\/www.centre-univ-mila.dz\/wp-content\/uploads\/2019\/02\/1416395352cumtransparent.png\",\"contentUrl\":\"http:\/\/www.centre-univ-mila.dz\/wp-content\/uploads\/2019\/02\/1416395352cumtransparent.png\",\"width\":208,\"height\":268,\"caption\":\"\u062c\u0627\u0645\u0639\u0629 \u0639\u0628\u062f \u0627\u0644\u062d\u0641\u064a\u0638 \u0628\u0648\u0627\u0644\u0635\u0648\u0641 - \u0645\u064a\u0644\u0629\"},\"image\":{\"@id\":\"https:\/\/www.univ-mila.dz\/#\/schema\/logo\/image\/\"},\"sameAs\":[\"https:\/\/www.facebook.com\/univmila\/\",\"https:\/\/x.com\/univmila\",\"https:\/\/www.youtube.com\/channel\/UC9--lQO1WBvXm38B70e9u5w\"]}]}<\/script>\n<!-- \/ Yoast SEO plugin. -->","yoast_head_json":{"title":"Sp\u00e9cialit\u00e9: Sciences du langage - \u062c\u0627\u0645\u0639\u0629 \u0645\u064a\u0644\u0629","robots":{"index":"index","follow":"follow","max-snippet":"max-snippet:-1","max-image-preview":"max-image-preview:large","max-video-preview":"max-video-preview:-1"},"canonical":"https:\/\/www.univ-mila.dz\/?page_id=12207&lang=fr","og_locale":"ar_AR","og_type":"article","og_title":"Sp\u00e9cialit\u00e9: Sciences du langage - \u062c\u0627\u0645\u0639\u0629 \u0645\u064a\u0644\u0629","og_description":"Informations g\u00e9n\u00e9rales :&#8230;&#8230;&#8230;&#8230;&#8230;&#8230;&#8230;&#8230;&#8230;&#8230; :&#8230;&#8230;&#8230;&#8230;&#8230;&#8230;&#8230;&#8230;&#8230;.. :m.bencherif@centre-univ-mila.dz Cycle : Master . Domaine : Lettres et langues \u00e9trang\u00e8res. Fili\u00e8re : Langue fran\u00e7aise. Sp\u00e9cialit\u00e9 (Intitul\u00e9 de la formation) : Sciences du langage. Dur\u00e9e de la formation : 2 Ans. &nbsp; Pr\u00e9sentation de la formation Objectif de la formation \u00a0Consolider les connaissances en sciences du langage et en fran\u00e7ais en [&hellip;]","og_url":"https:\/\/www.univ-mila.dz\/?page_id=12207&lang=fr","og_site_name":"\u062c\u0627\u0645\u0639\u0629 \u0645\u064a\u0644\u0629","article_publisher":"https:\/\/www.facebook.com\/univmila\/","article_modified_time":"2020-12-30T14:08:31+00:00","og_image":[{"width":200,"height":200,"url":"https:\/\/www.univ-mila.dz\/wp-content\/uploads\/2020\/06\/Langues-\u00e9trangeres-1.png","type":"image\/png"}],"twitter_card":"summary_large_image","twitter_site":"@univmila","twitter_misc":{"\u0648\u0642\u062a \u0627\u0644\u0642\u0631\u0627\u0621\u0629 \u0627\u0644\u0645\u064f\u0642\u062f\u0651\u0631":"3 \u062f\u0642\u0627\u0626\u0642"},"schema":{"@context":"https:\/\/schema.org","@graph":[{"@type":"WebPage","@id":"https:\/\/www.univ-mila.dz\/?page_id=12207&lang=fr","url":"https:\/\/www.univ-mila.dz\/?page_id=12207&lang=fr","name":"Sp\u00e9cialit\u00e9: Sciences du langage - \u062c\u0627\u0645\u0639\u0629 \u0645\u064a\u0644\u0629","isPartOf":{"@id":"https:\/\/www.univ-mila.dz\/#website"},"primaryImageOfPage":{"@id":"https:\/\/www.univ-mila.dz\/?page_id=12207&lang=fr#primaryimage"},"image":{"@id":"https:\/\/www.univ-mila.dz\/?page_id=12207&lang=fr#primaryimage"},"thumbnailUrl":"https:\/\/www.univ-mila.dz\/wp-content\/uploads\/2020\/06\/Langues-\u00e9trangeres-1.png","datePublished":"2020-12-30T14:07:27+00:00","dateModified":"2020-12-30T14:08:31+00:00","breadcrumb":{"@id":"https:\/\/www.univ-mila.dz\/?page_id=12207&lang=fr#breadcrumb"},"inLanguage":"ar","potentialAction":[{"@type":"ReadAction","target":["https:\/\/www.univ-mila.dz\/?page_id=12207&lang=fr"]}]},{"@type":"ImageObject","inLanguage":"ar","@id":"https:\/\/www.univ-mila.dz\/?page_id=12207&lang=fr#primaryimage","url":"https:\/\/www.univ-mila.dz\/wp-content\/uploads\/2020\/06\/Langues-\u00e9trangeres-1.png","contentUrl":"https:\/\/www.univ-mila.dz\/wp-content\/uploads\/2020\/06\/Langues-\u00e9trangeres-1.png","width":200,"height":200},{"@type":"BreadcrumbList","@id":"https:\/\/www.univ-mila.dz\/?page_id=12207&lang=fr#breadcrumb","itemListElement":[{"@type":"ListItem","position":1,"name":"Offres de formation","item":"https:\/\/www.univ-mila.dz\/?page_id=7868&lang=fr"},{"@type":"ListItem","position":2,"name":"Domaine Lettres et Langues \u00c9trang\u00e8res","item":"https:\/\/www.univ-mila.dz\/?page_id=7902&lang=fr"},{"@type":"ListItem","position":3,"name":"Sp\u00e9cialit\u00e9: Sciences du langage"}]},{"@type":"WebSite","@id":"https:\/\/www.univ-mila.dz\/#website","url":"https:\/\/www.univ-mila.dz\/","name":"\u062c\u0627\u0645\u0639\u0629 \u0639\u0628\u062f \u0627\u0644\u062d\u0641\u064a\u0638 \u0628\u0648\u0627\u0644\u0635\u0648\u0641","description":"\u0645\u064a\u0644\u0629","publisher":{"@id":"https:\/\/www.univ-mila.dz\/#organization"},"potentialAction":[{"@type":"SearchAction","target":{"@type":"EntryPoint","urlTemplate":"https:\/\/www.univ-mila.dz\/?s={search_term_string}"},"query-input":{"@type":"PropertyValueSpecification","valueRequired":true,"valueName":"search_term_string"}}],"inLanguage":"ar"},{"@type":"Organization","@id":"https:\/\/www.univ-mila.dz\/#organization","name":"\u062c\u0627\u0645\u0639\u0629 \u0639\u0628\u062f \u0627\u0644\u062d\u0641\u064a\u0638 \u0628\u0648\u0627\u0644\u0635\u0648\u0641 - \u0645\u064a\u0644\u0629","url":"https:\/\/www.univ-mila.dz\/","logo":{"@type":"ImageObject","inLanguage":"ar","@id":"https:\/\/www.univ-mila.dz\/#\/schema\/logo\/image\/","url":"http:\/\/www.centre-univ-mila.dz\/wp-content\/uploads\/2019\/02\/1416395352cumtransparent.png","contentUrl":"http:\/\/www.centre-univ-mila.dz\/wp-content\/uploads\/2019\/02\/1416395352cumtransparent.png","width":208,"height":268,"caption":"\u062c\u0627\u0645\u0639\u0629 \u0639\u0628\u062f \u0627\u0644\u062d\u0641\u064a\u0638 \u0628\u0648\u0627\u0644\u0635\u0648\u0641 - \u0645\u064a\u0644\u0629"},"image":{"@id":"https:\/\/www.univ-mila.dz\/#\/schema\/logo\/image\/"},"sameAs":["https:\/\/www.facebook.com\/univmila\/","https:\/\/x.com\/univmila","https:\/\/www.youtube.com\/channel\/UC9--lQO1WBvXm38B70e9u5w"]}]}},"_links":{"self":[{"href":"https:\/\/www.univ-mila.dz\/index.php?rest_route=\/wp\/v2\/pages\/12207","targetHints":{"allow":["GET"]}}],"collection":[{"href":"https:\/\/www.univ-mila.dz\/index.php?rest_route=\/wp\/v2\/pages"}],"about":[{"href":"https:\/\/www.univ-mila.dz\/index.php?rest_route=\/wp\/v2\/types\/page"}],"author":[{"embeddable":true,"href":"https:\/\/www.univ-mila.dz\/index.php?rest_route=\/wp\/v2\/users\/1"}],"replies":[{"embeddable":true,"href":"https:\/\/www.univ-mila.dz\/index.php?rest_route=%2Fwp%2Fv2%2Fcomments&post=12207"}],"version-history":[{"count":2,"href":"https:\/\/www.univ-mila.dz\/index.php?rest_route=\/wp\/v2\/pages\/12207\/revisions"}],"predecessor-version":[{"id":12212,"href":"https:\/\/www.univ-mila.dz\/index.php?rest_route=\/wp\/v2\/pages\/12207\/revisions\/12212"}],"up":[{"embeddable":true,"href":"https:\/\/www.univ-mila.dz\/index.php?rest_route=\/wp\/v2\/pages\/7902"}],"wp:featuredmedia":[{"embeddable":true,"href":"https:\/\/www.univ-mila.dz\/index.php?rest_route=\/wp\/v2\/media\/7762"}],"wp:attachment":[{"href":"https:\/\/www.univ-mila.dz\/index.php?rest_route=%2Fwp%2Fv2%2Fmedia&parent=12207"}],"curies":[{"name":"wp","href":"https:\/\/api.w.org\/{rel}","templated":true}]}}